False
Is 6 a factor of 39295710?
True
Does 246 divide 64246098?
True
Is 206458730 a multiple of 451?
False
Does 14 divide 2324981817?
False
Is 143 a factor of 43019548?
True
Is 362965984 a multiple of 32?
True
Does 12 divide 93589764?
True
Is 7130467 a multiple of 132?
False
Is 1406141856 a multiple of 48?
True
Is 3 a factor of 27032949?
True
Does 14 divide 175695330?
False
Is 6 a factor of 113867497?
False
Is 278182620 a multiple of 1442?
False
Is 13882362 a multiple of 165?
False
Does 16 divide 1175824322?
False
Does 771 divide 27245598?
True
Does 3209 divide 2885222105?
False
Is 30 a factor of 25021740?
True
Does 18 divide 241377876?
True
Does 314 divide 11779396?
True
Is 502 a factor of 21563751?
False
Is 6 a factor of 393280668?
True
Is 155523885 a multiple of 714?
False
Is 5629864 a multiple of 8?
True
Does 445 divide 3360085156?
False
Is 57740878 a multiple of 1229?
True
Does 38 divide 1571074584?
True
Does 3 divide 13759444?
False
Is 381565877 a multiple of 1361?
True
Is 47 a factor of 204630574?
True
Does 897 divide 25115624?
False
Is 2293900 a multiple of 725?
True
Is 6 a factor of 112737576?
True
Does 16 divide 1638813?
False
Is 843459 a multiple of 12?
False
Is 1191 a factor of 192738307?
False
Is 1018632 a multiple of 14?
False
Is 1927 a factor of 3582763?
False
Is 584520679 a multiple of 380?
False
Does 98 divide 39183438?
True
Is 207 a factor of 448673121?
True
Is 1919 a factor of 47925106?
True
Does 281 divide 11368417?
True
Is 133 a factor of 14945304?
False
Is 37 a factor of 1429775263?
False
Is 1369 a factor of 39551779?
True
Is 3436 a factor of 466227404?
True
Does 46 divide 56937328?
True
Is 23290400 a multiple of 2800?
True
Does 5 divide 2430771?
False
Is 81098286 a multiple of 7?
False
Does 20 divide 241751838?
False
Is 112276008 a multiple of 117?
True
Is 60682960 a multiple of 1079?
True
Is 2805034 a multiple of 130?
False
Does 2087 divide 424239099?
True
Is 995 a factor of 331290738?
False
Is 4 a factor of 370509390?
False
Is 235243674 a multiple of 527?
False
Is 92416548 a multiple of 196?
True
Does 226 divide 1776501070?
False
Is 166 a factor of 500651352?
True
Is 4912071744 a multiple of 6?
True
Does 7972 divide 1006767936?
True
Is 487509 a multiple of 11?
True
Is 12 a factor of 10543484?
False
Is 33617290 a multiple of 7?
True
Does 16 divide 4256742?
False
Does 84 divide 26174684?
False
Is 2187 a factor of 57293980?
False
Is 27133630 a multiple of 6232?
False
Is 5254256 a multiple of 66?
False
Is 875465338 a multiple of 1999?
False
Is 44 a factor of 31653856?
False
Is 3465 a factor of 76708170?
True
Does 29 divide 5453856?
True
Is 58412720 a multiple of 1255?
True
Is 30 a factor of 1832008680?
True
Is 498710641 a multiple of 13?
True
Is 1005 a factor of 241484889?
False
Is 15384061 a multiple of 16?
False
Is 1895 a factor of 60468975?
False
Does 10 divide 30144884?
False
Is 5 a factor of 52616615?
True
Is 1569 a factor of 80994918?
True
Is 24 a factor of 131742912?
True
Is 29449195 a multiple of 1821?
False
Does 16 divide 11986536?
False
Is 338 a factor of 33922156?
False
Is 28 a factor of 465984172?
False
Is 148301614 a multiple of 1970?
False
Does 410 divide 502302019?
False
Does 9 divide 17814105?
True
Does 8 divide 6882656?
True
Is 656902365 a multiple of 27?
False
Does 43 divide 166503095?
True
Is 33146271 a multiple of 19?
False
Does 1169 divide 292675936?
False
Does 235 divide 4738493940?
True
Is 85386670 a multiple of 19?
False
Is 26 a factor of 31541787?
False
Is 22718386 a multiple of 132?
False
Does 168 divide 83178312?
True
Is 17650457 a multiple of 1111?
True
Does 35 divide 129955525?
True
Does 38 divide 124325854?
True
Is 436362945 a multiple of 2715?
True
Is 6177485511 a multiple of 981?
True
Is 19963225 a multiple of 233?
False
Is 3425065408 a multiple of 390?
False
Is 683 a factor of 212305086?
True
Does 23 divide 426961098?
True
Is 65504639 a multiple of 82?
False
Is 78603415 a multiple of 19?
False
Is 435779637 a multiple of 181?
False
Does 3192 divide 606521496?
True
Is 2331893177 a multiple of 1469?
False
Is 36307724 a multiple of 17?
False
Does 2 divide 2858209?
False
Is 13989598 a multiple of 98?
True
Is 16 a factor of 989703712?
True
Is 76805919 a multiple of 60?
False
Does 16 divide 43091536?
True
Is 16 a factor of 148259152?
True
Is 1734651303 a multiple of 1441?
True
Is 12908346 a multiple of 33?
True
Is 72 a factor of 3914136?
True
Is 1898716455 a multiple of 13?
False
Does 422 divide 1284047?
False
Is 1130353594 a multiple of 12?
False
Is 36545095 a multiple of 344?
False
Does 92 divide 126266578?
False
Is 600530 a multiple of 46?
True
Does 1839 divide 1020797637?
True
Does 637 divide 641656470?
True
Is 1246 a factor of 1257820802?
True
Is 1621272947 a multiple of 271?
True
Does 1825 divide 43621150?
True
Is 337205703 a multiple of 25?
False
Does 3205 divide 133284745?
False
Is 186781851 a multiple of 8?
False
Is 66 a factor of 260192986?
False
Is 23 a factor of 525015526?
True
Is 3141941044 a multiple of 44?
True
Is 19357970 a multiple of 409?
True
Is 3 a factor of 351333?
True
Does 127 divide 3964268302?
False
Is 10 a factor of 73287483?
False
Is 1100 a factor of 62734206?
False
Is 22 a factor of 578315544?
False
Does 362 divide 393303588?
True
Does 537 divide 724800714?
True
Is 173816685 a multiple of 535?
True
Is 1012116 a multiple of 15?
False
Is 15 a factor of 2568393645?
True
Is 69567220 even?
True
Is 107 a factor of 4612342?
True
Is 3829160 a multiple of 153?
False
Is 2105217768 a multiple of 7782?
True
Is 91792797 a multiple of 3080?
False
Is 104 a factor of 551393648?
True
Does 440 divide 3084770480?
True
Does 56 divide 205073008?
True
Is 543 a factor of 744984054?
True
Is 34 a factor of 1583686?
True
Does 27 divide 12477489?
False
Is 759 a factor of 790452960?
True
Does 174 divide 1757482170?
False
Is 924 a factor of 829056068?
False
Is 261736053 a multiple of 93?
False
Is 259 a factor of 33184070?
False
Is 1143125060 a multiple of 20?
True
Does 219 divide 54087971?
False
Is 23 a factor of 3843841397?
True
Is 82 a factor of 925676345?
False
Is 201812106 a multiple of 9?
False
Is 2317212 a multiple of 18?
True
Does 529 divide 1273445346?
False
Does 1971 divide 118729058?
False
Is 665962063 a multiple of 159?
False
Is 3 a factor of 612520?
False
Is 97 a factor of 4420387?
True
Is 62262508 a multiple of 62?
True
Does 854 divide 529217130?
False
Is 86198953 a multiple of 579?
False
Is 1193078403 a multiple of 6759?
True
Is 4 a factor of 351672704?
True
Does 623 divide 40918640?
True
Does 2065 divide 3476464?
False
Is 17450680 a multiple of 37?
True
Is 564765630 a multiple of 6?
True
Is 11360280 a multiple of 410?
True
Does 1016 divide 40026935?
False
Is 36 a factor of 599723767?
False
Does 42 divide 14864057?
False
Is 69802802 a multiple of 2491?
True
Is 1352335039 a multiple of 2761?
True
Is 26304594 a multiple of 46?
True
Is 4117 a factor of 1917937386?
True
Is 11528074 a multiple of 91?
False
Is 1624387573 a multiple of 377?
False
Is 1259 a factor of 55305352?
True
Is 1451 a factor of 2032398288?
True
Is 533 a factor of 636630657?
True
Is 1293 a factor of 148417005?
True
Is 130 a factor of 11139180?
True
Is 68056646 a multiple of 547?
True
Is 258 a factor of 353539840?
False
Does 566 divide 7860608?
True
Is 1356 a factor of 172067697?
False
Does 5 divide 163490371?
False
Is 158365523 a multiple of 19?
False
Does 165 divide 97346801?
False
Is 25540212 a multiple of 18?
False
Does 24 divide 277060440?
True
Is 2100 a factor of 9290400?
True
Does 362 divide 8832800?
True
Is 99 a factor of 12588172?
False
Is 5 a factor of 6845328?
False
Is 818 a factor of 4072979?
False
Is 76 a factor of 202515901?
False
Does 666 divide 204431364?
True
Does 75 divide 21580200?
True
Is 190 a factor of 59134094?
False
Does 342 divide 124146?
True
Is 730117817 a multiple of 8?
False
Is 2161 a factor of 521453152?
False
Is 12586775 a multiple of 155?
True
Is 203478412 a multiple of 8?
False
Is 22 a factor of 95859842?
False
Is 577 a factor of 442940856?
False
Is 80256158 a multiple of 634?
True
Is 179109602 a multiple of 3206?
True
Does 15 divide 990928620?
True
Does 2 divide 31690833?
False
Does 5451 divide 280840971?
True
Is 21 a factor of 210970438?
False
Does 113 divide 478593437?
False
Is 3 